-148*((-3 - -10) + -8)?
1
Let l be (-7 - -3)/((-182)/(-92) - 2). Let m = l - 80. What is the tens digit of m?
0
Let w = -60 - -60. Suppose -l = 5*c - 106, l + 104 = -w*c + 5*c. What is the units digit of c?
1
Let q(v) = -2*v - 14. Let s be q(-7). Let u be (-2)/(-10) + (-28)/(-10). Suppose i - u*i + 62 = s. What is the tens digit of i?
3
Let r(q) = -q**3 + 7*q**2 - 8*q + 14. Let s be r(6). Suppose 4*c + 4 = -16, 0 = -s*y + 2*c - 126. Let n = 118 + y. What is the units digit of n?
0
Suppose 626 = b - 3*q - 0*q, -q = -4*b + 2504. What is the tens digit of b?
2
Let o = -527 + 860. Suppose 8*k = 203 + o. What is the units digit of k?
7
Let v = -17 - -20. Suppose 5*k - k = a - 88, -a - v*k + 81 = 0. What is the units digit of a?
4
Suppose -5*i + 25 = 65. Let y = i - -64. What is the tens digit of y?
5
Suppose -5*m = 4*g - 640 - 432, 0 = 2*m - 8. Suppose 3*q = -2*q - t + g, 0 = -q + 4*t + 61. What is the units digit of q?
3
Let q = -609 - -1099. Suppose 0 = 4*w + 4*c + c - 405, -5*w = 3*c - q. What is the units digit of w?
5
What is the tens digit of (-117)/39 - (-2178 + 0 + -1)?
7
Let l = 13 + -26. Let o = l + 17. Suppose 1 = c, -o*c + 1 = -4*x + x. What is the units digit of x?
1
Suppose -5*t - 5 = 0, -t + 7 - 24 = -4*y. Suppose -y*u - 132 = 2*o - 518, -o + 5*u = -214. What is the tens digit of o?
9
Let n(d) = -2*d**3 - 16*d**2 + 19*d + 11. Let b be n(-9). Suppose b*z + 9*z = 187. What is the units digit of z?
7
Let d(g) = 8*g - 15. Let l(y) = 9*y - 14. Let h(q) = -5*d(q) + 4*l(q). What is the units digit of h(-7)?
7
Let n = 1384 + -350. What is the tens digit of n?
3
Let r(c) = 3*c - 4. Let q be r(4). Let p be (-1)/((-12)/q)*6. Suppose -p*i - v = v - 28, 35 = 5*i - 4*v. What is the units digit of i?
7
Suppose -4*r = -7*r - 4*j + 682, -5*r + 5*j = -1160. What is the hundreds digit of r?
2
Let u = -1741 + 3702. What is the tens digit of u?
6
Let j = -5 - -8. Suppose j*h = -9, 0*h = 5*w + h - 267. What is the units digit of w?
4
Let f(x) = -41*x - 7. What is the units digit of f(-5)?
8
Suppose -3*n - 51 = 2*k, -15 = -3*k + 4*n - 49. What is the units digit of (45 - 3)*k/(-21)?
6
Suppose 545 - 479 = 2*p. What is the units digit of p?
3
Let i(x) = 1. Let z(o) = -o + 61. Let y(h) = 3*i(h) + z(h). What is the units digit of y(0)?
4
What is the units digit of 0 - ((-7 - 296) + 6)?
7
Let u(y) = -7*y + 11. Let v = 83 + -89. What is the tens digit of u(v)?
5
Suppose 0 = -27*g + 29*g + l - 2026, -2*g = 3*l - 2034. What is the hundreds digit of g?
0
Let k be 6/8*4 - 1. Suppose j + 0*j = k. Suppose j*p - 3 = 75. What is the tens digit of p?
3
Suppose -5*b - h = 2*h - 165, -3*h + 33 = b. Let o = 11 + b. Let s = 65 - o. What is the tens digit of s?
2
Let x = -673 - -1410. What is the tens digit of x?
3
Let s be ((-18)/(-21))/(9/(-63)). Let r(w) = -3*w**3 - 17*w**2 + 3*w - 2. What is the units digit of r(s)?
6
Let n be (3/5 - 1) + (-3328)/130. Let y = n - -92. What is the units digit of y?
6
Suppose 58 + 188 = 2*o. What is the tens digit of o?
2
Suppose 0*d - 3*m + 264 = -5*d, -5*d - m - 272 = 0. Let a = d + 86. What is the units digit of a?
2
Let i(p) = 2*p**2 - 4*p + 7. Let z be i(-4). Suppose 77 = 3*f - z. What is the units digit of 8/f - 1118/(-22)?
1
Let c(m) = m + 1. Let b(h) = h**2 + 2*h + 4. Let x(k) = -b(k) + 4*c(k). Let r be x(2). What is the units digit of -4 + -3 + (r - -37)?
0
Let r = 2529 - 1306. What is the units digit of r?
3
Suppose 0 = -3*i + 3*k + 12, i - 3*k - 20 = -4*i. Suppose -t - 12 = -2*t + 2*h, -5*h + 35 = 4*t. Let j = t + i. What is the tens digit of j?
1
Let i be (-11 + -4)/5 - -91. Suppose -4*m = -2*t + i, 0 = -m + 7 - 3. What is the tens digit of t?
5
Let a = -3489 - -5037. What is the hundreds digit of a?
5
Let d(m) = -m**3 - 11*m**2 - 15*m - 9. Let i = -36 - -25. What is the hundreds digit of d(i)?
1
Let g(m) = m**2 - 6*m. Let r be g(8). Suppose x + 3*w - r = 0, x + 6*w - w = 24. What is the units digit of (-245)/(-14) + 2/x?
8
Let k = 48 + -5. Let a(d) = 2*d**3 + 9*d**2 + 2*d + 2. Let s be a(-4). Let t = k - s. What is the units digit of t?
3
Suppose -32*h + 600 = -22*h. Suppose -2*l = -h - 178. What is the units digit of l?
9
What is the hundreds digit of 6/9*(-43329)/(-22)?
3
Let g(m) = 2*m - 1. Let w be g(5). Suppose 434 = w*j - 277. What is the units digit of j?
9
Suppose 65*r = 64*r + 943. What is the hundreds digit of r?
9
Let t(q) = 6*q**2 + 46*q + 413. What is the hundreds digit of t(-15)?
0
Let l = -22 + 16. Let w be l/(-2) - (-120)/8. What is the tens digit of 204/w + 2/(-6)?
1
Let r = 7 + -8. Let j(o) = -47*o**3 + o**2 - 2*o - 3. What is the units digit of j(r)?
7
Suppose 3287 + 523 = 5*b + 4*s, -b + 748 = -2*s. What is the tens digit of b?
5
Let f = -178 + 1063. What is the hundreds digit of f?
8
Suppose 2*v - 58 = 5*m, -84 = -3*v - 5*m - 22. What is the tens digit of 64/v*(-33)/(-2)?
4
Suppose -3*t + 17 + 9 = u, 4*t - 2*u - 28 = 0. Let p(b) = -2*b - 8*b**2 + 8*b - 5*b + 10 + b**3. What is the units digit of p(t)?
8
Let q = 1506 + -869. What is the hundreds digit of q?
6
Suppose 0 = -5*u - 5281 + 17406. Suppose 5*f = 3*y - y - u, 3*f = -y - 1466. What is the units digit of (-1)/6 - f/6?
1
What is the units digit of (16/10)/(5/950)?
4
Let z be (-52)/(-20) + 2 + (-6)/(-15). Suppose -z*c + 11*c = 384. What is the units digit of c?
4
What is the tens digit of (-1412)/(-20) + (-2)/(-5)?
7
Suppose 453*n = 447*n + 9960. What is the units digit of n?
0
Let h = 336 + -200. What is the units digit of h?
6
Let y(m) = 5*m + 13. Let r be y(-6). Let n = r + 179. Suppose -n = -3*v - 15. What is the units digit of v?
9
Suppose 5143 = 13*x - 5764. What is the units digit of x?
9
Suppose f + 3*f + 8 = 0, 3*d - 6465 = -3*f. What is the thousands digit of d?
2
Let z(i) = -74*i - 2. Let o be z(1). Suppose 4*f - 3*l + 5*l + 192 = 0, -2*l = 3*f + 144. Let t = f - o. What is the tens digit of t?
2
Suppose 169*s = 172*s - 3*f - 2559, -5*f = 5. What is the tens digit of s?
5
Let a(d) = d - 14. Let h be a(0). What is the units digit of (-8)/8 + (1 - h)?
4
Let v = 43 - 61. Let n = -6 - v. Suppose 8*y - n*y = -48. What is the units digit of y?
2
Suppose o = t - 154, -4*t + 148 = -3*t + o. Let r = t - 35. What is the tens digit of r?
1
Let u(b) be the second derivative of 7/2*b**2 + 1/6*b**4 + 0 + b**3 - 8*b. What is the tens digit of u(-6)?
4
What is the tens digit of -3*-1*3*(-43)/(-9)?
4
Let g = -248 - -133. Let k = g - -265. What is the units digit of k?
0
Let x(p) = p**2 - 7*p + 12. Let w be x(5). Suppose -w = -4*m - 10, 3*j + 3*m - 156 = 0. What is the tens digit of j?
5
Let n = -245 + 576. Let f = n + -222. What is the hundreds digit of f?
1
Let q be (1 + (-8)/3)*3. Let i = 25 + q. What is the units digit of i?
0
Let c(h) = h**3 + 12*h**2 - 14*h - 11. Let w be c(-13). Let q be (0 + w)/(4/(-28)). What is the units digit of (-2)/14 - 16/q?
1
Let c(w) = 6*w + 2. Let h be c(3). Suppose -2*f = -f - d, f = -5*d + 30. Suppose 0*y = -f*y + h. What is the units digit of y?
4
Let m(c) = -726*c - 83. What is the units digit of m(-4)?
1
Suppose -2*o - 2*o + 1608 = -4*x, 2*o - x = 803. Let v = -278 + o. What is the units digit of v?
3
Let w = -90 - -135. Suppose -i + 100 + w = 0. Suppose b - 6*b + i = 0. What is the units digit of b?
9
Suppose 3*l + 276 = -4*o + 1669, 3*o = 4*l - 1874. What is the units digit of l?
7
Let o(k) = 9*k**2 + 35*k + 16. What is the hundreds digit of o(-17)?
0
What is the units digit of (2/(-8))/((1008/55360)/(-63))?
5
Let o(h) = -251*h + 317. What is the tens digit of o(-14)?
3
Let v(r) = 3*r**2 - 4*r - 4. Let t be v(-8). What is the hundreds digit of -4 + (0 - 12/(-16))*t?
1
What is the tens digit of (-4)/(44/(-2431))*(1 - 0)?
2
Let r be -4 + (2 - (4 - -77)). Let o = -41 - r. What is the units digit of o?
2
Suppose -36 = n - 40. Suppose 0 = -n*q + 634 - 242. What is the units digit of q?
8
Let x = -17 + 61. Let d be 876/22 + 8/x. What is the tens digit of (d/(-4))/((-1)/6)?
6
Let d(s) = -s**3 - 4*s**2 + 4*s - 10. Let l be d(-5). What is the hundreds digit of (2 + l)/((-18)/708)?
1
Let t(m) be the first derivative of m**4/4 - m**3/3 + m**2/2 + 87*m - 6. What is the units digit of t(0)?
7
Suppose -2*y = -4*c + 20014, -4*y + 3031 = c - 1986. What is the units digit of c?
5
Let f(k) = -k**3 + 8*k**2 - 5*k - 16. What is the un